 37, 4679
List the prime factors of 5202614.
2, 277, 9391
What are the prime factors of 4930818?
2, 3, 821803
What are the prime factors of 3276628?
2, 819157
What are the prime factors of 168160?
2, 5, 1051
List the prime factors of 15827987.
7, 487, 4643
What are the prime factors of 192543?
3, 13, 4937
List the prime factors of 492.
2, 3, 41
List the prime factors of 77026.
2, 19, 2027
What are the prime factors of 842684?
2, 210671
List the prime factors of 12203.
12203
List the prime factors of 5568823.
13, 127, 3373
List the prime factors of 7767054.
2, 3, 23, 73, 257
What are the prime factors of 5865506?
2, 23, 47, 2713
What are the prime factors of 151526?
2, 239, 317
What are the prime factors of 5813583?
3, 233, 8317
What are the prime factors of 29495480?
2, 5, 7, 105341
List the prime factors of 215855.
5, 23, 1877
List the prime factors of 23808407.
7, 757, 4493
List the prime factors of 29613804.
2, 3, 11, 31, 7237
What are the prime factors of 905433?
3, 137, 2203
List the prime factors of 532039.
43, 12373
List the prime factors of 13021682.
2, 41, 379, 419
What are the prime factors of 13872961?
43, 322627
List the prime factors of 434932.
2, 227, 479
What are the prime factors of 318460?
2, 5, 15923
List the prime factors of 288078.
2, 3, 7, 19
What are the prime factors of 666723?
3, 17, 769
What are the prime factors of 31831207?
941, 33827
List the prime factors of 64217.
64217
What are the prime factors of 233785?
5, 46757
What are the prime factors of 18832484?
2, 11, 29, 14759
What are the prime factors of 340266?
2, 3, 56711
What are the prime factors of 1050213?
3, 283, 1237
What are the prime factors of 255749?
13, 103, 191
What are the prime factors of 384059?
13, 31, 953
List the prime factors of 12605444.
2, 3151361
What are the prime factors of 7008794?
2, 13, 17, 101, 157
List the prime factors of 6500602.
2, 3250301
What are the prime factors of 679360?
2, 5, 11, 193
List the prime factors of 22710963.
3, 11, 17, 40483
What are the prime factors of 226667?
7, 32381
List the prime factors of 1420871.
23, 163, 379
What are the prime factors of 328381?
328381
What are the prime factors of 148934?
2, 113, 659
What are the prime factors of 2237185?
5, 257, 1741
List the prime factors of 847931.
7, 29, 4177
List the prime factors of 862031.
862031
List the prime factors of 2738155.
5, 7, 78233
What are the prime factors of 3171763?
7, 149, 3041
What are the prime factors of 963516?
2, 3, 23, 3491
What are the prime factors of 370294?
2, 17, 10891
What are the prime factors of 1029892?
2, 257473
List the prime factors of 455032.
2, 23, 2473
List the prime factors of 215573.
215573
What are the prime factors of 34041?
3, 7, 1621
List the prime factors of 1182885.
3, 5, 11, 67, 107
What are the prime factors of 80739?
3, 8971
List the prime factors of 37040351.
37040351
List the prime factors of 186753.
3, 7, 8893
What are the prime factors of 561525?
3, 5, 7487
List the prime factors of 371304.
2, 3, 191
What are the prime factors of 22509020?
2, 5, 17, 239, 277
List the prime factors of 215360.
2, 5, 673
List the prime factors of 20938698.
2, 3, 11, 105751
List the prime factors of 3972554.
2, 1986277
What are the prime factors of 160292?
2, 11, 3643
What are the prime factors of 255353?
7, 36479
List the prime factors of 6949534.
2, 419, 8293
List the prime factors of 15125093.
3347, 4519
What are the prime factors of 208563?
3, 19, 3659
List the prime factors of 1320311.
743, 1777
List the prime factors of 11454288.
2, 3, 71, 3361
What are the prime factors of 1677889?
149, 11261
What are the prime factors of 231324?
2, 3, 37, 521
List the prime factors of 3884141.
3884141
What are the prime factors of 6280085?
5, 7, 25633
List the prime factors of 52855.
5, 11, 31
What are the prime factors of 441658?
2, 7, 31547
List the prime factors of 4659951.
3, 31, 89, 563
What are the prime factors of 251754?
2, 3, 41959
What are the prime factors of 32847?
3, 10949
List the prime factors of 475404.
2, 3, 173, 229
List the prime factors of 172796.
2, 13, 3323
List the prime factors of 5719397.
5719397
List the prime factors of 709505.
5, 41, 3461
List the prime factors of 22218797.
137, 157, 1033
List the prime factors of 8041088.
2, 11, 5711
List the prime factors of 615725.
5, 11, 2239
List the prime factors of 925698.
2, 3, 41, 53, 71
What are the prime factors of 3004577?
271, 11087
What are the prime factors of 1249490?
2, 5, 11, 37, 307
List the prime factors of 322803.
3, 13, 31, 89
List the prime factors of 1028461.
7, 139, 151
List the prime factors of 198189.
3, 19, 61
What are the prime factors of 2913494?
2, 17, 85691
What are the prime factors of 4498639?
23, 195593
List the prime factors of 1052124.
2, 3, 43, 2039
What are the prime factors of 138215?
5, 7, 11, 359
List the prime factors of 885045.
3, 5, 7, 8429
List the prime factors of 5863215.
3, 5, 17, 22993
List the prime factors of 1673496.
2, 3, 11, 2113
List the prime factors of 21624754.
2, 71, 152287
What are the prime factors of 2646244?
2, 19, 34819
List the prime factors of 602057.
602057
List the prime factors of 284642.
2, 31, 4591
List the prime factors of 2274490.
2, 5, 19, 11971
List the prime factors of 1787131.
157, 11383
List the prime factors of 4745078.
2, 13, 182503
List the prime factors of 252488.
2, 37, 853
What are the prime factors of 2115310?
2, 5, 17, 23, 541
List the prime factors of 810839.
810839
What are the prime factors of 67639?
11, 13, 43
What are the prime factors of 33041173?
11, 3003743
What are the prime factors of 5729133?
3, 887, 2153
What are the prime factors of 961530?
2, 3, 5, 32051
List the prime factors of 111354.
2, 3, 67, 277
What are the prime factors of 3644003?
11, 257, 1289
List the prime factors of 11628098.
2, 233, 24953
List the prime factors of 6705060.
2, 3, 5, 111751
List the prime factors of 352779.
3, 7, 107, 157
List the prime factors of 1016266.
2, 137, 3709
List the prime factors of 390910.
2, 5, 13, 31, 97
What are the prime factors of 4660764?
2, 3, 29, 59, 227
What are the prime factors of 3458510?
2, 5, 11, 23, 1367
What are the prime factors of 7709041?
17, 19, 29, 823
What are the prime factors of 1152829?
23, 50123
List the prime factors of 74141.
151, 491
List the prime factors of 331241.
331241
What are the prime factors of 10722886?
2, 17, 173, 1823
List the prime factors of 166611.
3, 19, 37, 79
List the prime factors of 10680236.
2, 7, 29, 1879
List the prime factors of 946012.
2, 236503
What are the prime factors of 4844866?
2, 13, 31, 6011
What are the prime factors of 1509141?
3, 17, 127, 233
List the prime factors of 73596.
2, 3, 6133
List the prime factors of 144176.
2, 9011
List the prime factors of 228014.
2, 173, 659
What are the prime factors of 1124107?
1124107
List the prime factors of 1202194.
2, 7, 43, 1997
What are the prime factors of 125635?
5, 25127
List the prime factors of 157196.
2, 13, 3023
List the prime factors of 24975682.
2, 12487841
List the prime factors of 8140311.
3, 301493
List the prime factors of 5921038.
2, 1481, 1999
List the prime factors of 1828812.
2, 3, 257, 593
What are the prime factors of 4974718?
2, 7, 29, 12253
List the prime factors of 14794.
2, 13, 569
List the prime factors of 652236.
2, 3, 13, 37, 113
List the prime factors of 1004868.
2, 3, 103, 271
What are the prime factors of 3134818?
2, 1567409
List the prime factors of 162229.
162229
What are the prime factors of 242726?
2, 11, 17, 59
What are the prime factors of 785446?
2, 392723
List the prime factors of 180851.
11, 41, 401
List the prime factors of 2370777.
3, 97, 8147
What are the prime factors of 17050447?
1987, 8581
List the prime factors of 244151.
29, 8419
List the prime factors of 3151031.
13, 37, 6551
What are the prime factors of 977149?
977149
What are the prime factors of 1041015?
3, 5, 69401
List the prime factors of 3929628.
2, 3, 327469
List the prime factors of 245051.
37, 179
List the prime factors of 8599100.
2, 5, 85991
What are the prime factors of 4920165?
3, 5, 31, 3527
List the prime factors of 84592.
2, 17, 311
List the prime factors of 998859.
3, 73, 4561
What are the prime factors of 2440292?
2, 29, 109, 193
List the prime factors of 4011223.
19, 